[INFO] cloning repository https://github.com/KellanMebane/minils-windows
[INFO] running `Command { std: "git" "-c" "credential.helper=" "-c" "credential.helper=/workspace/cargo-home/bin/git-credential-null" "clone" "--bare" "https://github.com/KellanMebane/minils-windows" "/workspace/cache/git-repos/https%3A%2F%2Fgithub.com%2FKellanMebane%2Fminils-windows", kill_on_drop: false }`
[INFO] [stderr] Cloning into bare repository '/workspace/cache/git-repos/https%3A%2F%2Fgithub.com%2FKellanMebane%2Fminils-windows'...
[INFO] running `Command { std: "git" "rev-parse" "HEAD", kill_on_drop: false }`
[INFO] [stdout] 6c981d74872f8a1830c6aea3689b0f487a1e9439
[INFO] checking KellanMebane/minils-windows against master#af3c6e733a40e671550e0f0f5aeecaa13772ba56 for pr-74989
[INFO] running `Command { std: "git" "clone" "/workspace/cache/git-repos/https%3A%2F%2Fgithub.com%2FKellanMebane%2Fminils-windows" "/workspace/builds/worker-9/source", kill_on_drop: false }`
[INFO] [stderr] Cloning into '/workspace/builds/worker-9/source'...
[INFO] [stderr] done.
[INFO] validating manifest of git repo https://github.com/KellanMebane/minils-windows on toolchain af3c6e733a40e671550e0f0f5aeecaa13772ba56
[INFO] running `Command { std: "/workspace/cargo-home/bin/cargo" "+af3c6e733a40e671550e0f0f5aeecaa13772ba56" "read-manifest" "--manifest-path" "Cargo.toml", kill_on_drop: false }`
[INFO] started tweaking git repo https://github.com/KellanMebane/minils-windows
[INFO] finished tweaking git repo https://github.com/KellanMebane/minils-windows
[INFO] tweaked toml for git repo https://github.com/KellanMebane/minils-windows written to /workspace/builds/worker-9/source/Cargo.toml
[INFO] crate git repo https://github.com/KellanMebane/minils-windows already has a lockfile, it will not be regenerated
[INFO] running `Command { std: "/workspace/cargo-home/bin/cargo" "+af3c6e733a40e671550e0f0f5aeecaa13772ba56" "fetch" "--locked" "--manifest-path" "Cargo.toml", kill_on_drop: false }`
[INFO] running `Command { std: "docker" "create" "-v" "/var/lib/crater-agent-workspace/builds/worker-9/target:/opt/rustwide/target:rw,Z" "-v" "/var/lib/crater-agent-workspace/builds/worker-9/source:/opt/rustwide/workdir:ro,Z" "-v" "/var/lib/crater-agent-workspace/cargo-home:/opt/rustwide/cargo-home:ro,Z" "-v" "/var/lib/crater-agent-workspace/rustup-home:/opt/rustwide/rustup-home:ro,Z" "-e" "SOURCE_DIR=/opt/rustwide/workdir" "-e" "CARGO_TARGET_DIR=/opt/rustwide/target" "-e" "CARGO_HOME=/opt/rustwide/cargo-home" "-e" "RUSTUP_HOME=/opt/rustwide/rustup-home" "-w" "/opt/rustwide/workdir" "-m" "1610612736" "--user" "0:0" "--network" "none" "rustops/crates-build-env@sha256:d92eaeed33fa75130ca1ee6c8a01d1ffb62bac859dfdfb3450e3e5d1c0146529" "/opt/rustwide/cargo-home/bin/cargo" "+af3c6e733a40e671550e0f0f5aeecaa13772ba56" "metadata" "--no-deps" "--format-version=1", kill_on_drop: false }`
[INFO] [stdout] b81e2087b56e6d4992e7e17d2c1c34a9d8314784d8d95ec63df17d24f1713d7e
[INFO] [stderr] WARNING: Your kernel does not support swap limit capabilities or the cgroup is not mounted. Memory limited without swap.
[INFO] running `Command { std: "docker" "start" "-a" "b81e2087b56e6d4992e7e17d2c1c34a9d8314784d8d95ec63df17d24f1713d7e", kill_on_drop: false }`
[INFO] running `Command { std: "docker" "inspect" "b81e2087b56e6d4992e7e17d2c1c34a9d8314784d8d95ec63df17d24f1713d7e", kill_on_drop: false }`
[INFO] running `Command { std: "docker" "rm" "-f" "b81e2087b56e6d4992e7e17d2c1c34a9d8314784d8d95ec63df17d24f1713d7e", kill_on_drop: false }`
[INFO] [stdout] b81e2087b56e6d4992e7e17d2c1c34a9d8314784d8d95ec63df17d24f1713d7e
[INFO] running `Command { std: "docker" "create" "-v" "/var/lib/crater-agent-workspace/builds/worker-9/target:/opt/rustwide/target:rw,Z" "-v" "/var/lib/crater-agent-workspace/builds/worker-9/source:/opt/rustwide/workdir:ro,Z" "-v" "/var/lib/crater-agent-workspace/cargo-home:/opt/rustwide/cargo-home:ro,Z" "-v" "/var/lib/crater-agent-workspace/rustup-home:/opt/rustwide/rustup-home:ro,Z" "-e" "SOURCE_DIR=/opt/rustwide/workdir" "-e" "CARGO_TARGET_DIR=/opt/rustwide/target" "-e" "CARGO_INCREMENTAL=0" "-e" "RUST_BACKTRACE=full" "-e" "RUSTFLAGS=--cap-lints=forbid" "-e" "CARGO_HOME=/opt/rustwide/cargo-home" "-e" "RUSTUP_HOME=/opt/rustwide/rustup-home" "-w" "/opt/rustwide/workdir" "-m" "1610612736" "--user" "0:0" "--network" "none" "rustops/crates-build-env@sha256:d92eaeed33fa75130ca1ee6c8a01d1ffb62bac859dfdfb3450e3e5d1c0146529" "/opt/rustwide/cargo-home/bin/cargo" "+af3c6e733a40e671550e0f0f5aeecaa13772ba56" "check" "--frozen" "--all" "--all-targets" "--message-format=json", kill_on_drop: false }`
[INFO] [stdout] 29dcb7ba6441927b54fc4f96f2ac2e45c0ee39a527c3b292ae690a00dd5fead9
[INFO] [stderr] WARNING: Your kernel does not support swap limit capabilities or the cgroup is not mounted. Memory limited without swap.
[INFO] running `Command { std: "docker" "start" "-a" "29dcb7ba6441927b54fc4f96f2ac2e45c0ee39a527c3b292ae690a00dd5fead9", kill_on_drop: false }`
[INFO] [stderr]     Checking cfg-if v0.1.9
[INFO] [stderr]    Compiling num-traits v0.2.8
[INFO] [stderr]     Checking filetime v0.1.15
[INFO] [stderr]     Checking num-integer v0.1.41
[INFO] [stderr]     Checking chrono v0.4.6
[INFO] [stderr]     Checking minils v0.1.0 (/opt/rustwide/workdir)
[INFO] [stdout] error[E0433]: failed to resolve: could not find `windows` in `os`
[INFO] [stdout]   --> src/main.rs:12:14
[INFO] [stdout]    |
[INFO] [stdout] 12 | use std::os::windows::fs::MetadataExt;
[INFO] [stdout]    |              ^^^^^^^ could not find `windows` in `os`
[INFO] [stdout] 
[INFO] [stdout] 
[INFO] [stdout] error[E0433]: failed to resolve: could not find `windows` in `os`
[INFO] [stdout]   --> src/main.rs:12:14
[INFO] [stdout]    |
[INFO] [stdout] 12 | use std::os::windows::fs::MetadataExt;
[INFO] [stdout]    |              ^^^^^^^ could not find `windows` in `os`
[INFO] [stdout] 
[INFO] [stdout] 
[INFO] [stdout] error[E0599]: no method named `file_attributes` found for struct `Metadata` in the current scope
[INFO] [stdout]   --> src/main.rs:39:69
[INFO] [stdout]    |
[INFO] [stdout] 39 |                     minils::format_windows_file_attributes(metadata.file_attributes());
[INFO] [stdout]    |                                                                     ^^^^^^^^^^^^^^^ method not found in `Metadata`
[INFO] [stdout] 
[INFO] [stdout] 
[INFO] [stdout] error: aborting due to 2 previous errors
[INFO] [stdout] 
[INFO] [stdout] 
[INFO] [stdout] Some errors have detailed explanations: E0433, E0599.
[INFO] [stdout] 
[INFO] [stdout] For more information about an error, try `rustc --explain E0433`.
[INFO] [stdout] 
[INFO] [stderr] error: could not compile `minils`.
[INFO] [stderr] 
[INFO] [stderr] To learn more, run the command again with --verbose.
[INFO] [stderr] warning: build failed, waiting for other jobs to finish...
[INFO] [stdout] error[E0599]: no method named `file_attributes` found for struct `Metadata` in the current scope
[INFO] [stdout]   --> src/main.rs:39:69
[INFO] [stdout]    |
[INFO] [stdout] 39 |                     minils::format_windows_file_attributes(metadata.file_attributes());
[INFO] [stdout]    |                                                                     ^^^^^^^^^^^^^^^ method not found in `Metadata`
[INFO] [stdout] 
[INFO] [stdout] 
[INFO] [stdout] error: aborting due to 2 previous errors
[INFO] [stdout] 
[INFO] [stdout] 
[INFO] [stdout] Some errors have detailed explanations: E0433, E0599.
[INFO] [stdout] 
[INFO] [stdout] For more information about an error, try `rustc --explain E0433`.
[INFO] [stdout] 
[INFO] [stderr] error: build failed
[INFO] running `Command { std: "docker" "inspect" "29dcb7ba6441927b54fc4f96f2ac2e45c0ee39a527c3b292ae690a00dd5fead9", kill_on_drop: false }`
[INFO] running `Command { std: "docker" "rm" "-f" "29dcb7ba6441927b54fc4f96f2ac2e45c0ee39a527c3b292ae690a00dd5fead9", kill_on_drop: false }`
[INFO] [stdout] 29dcb7ba6441927b54fc4f96f2ac2e45c0ee39a527c3b292ae690a00dd5fead9
